152322511 composite?
True
Is 1582039 a prime number?
False
Is 97128791 composite?
False
Is 954379 prime?
True
Is 81853 a prime number?
True
Is 1957639 a composite number?
False
Is 3922139 a composite number?
True
Is 122488523 composite?
False
Is 5455097 prime?
True
Is 94425391 a composite number?
False
Is 792677 a composite number?
True
Is 997573 composite?
False
Is 5351441 a prime number?
True
Is 45551378 prime?
False
Is 19907033 prime?
False
Is 4458005 a prime number?
False
Is 109336781 a composite number?
False
Is 34566223 a composite number?
False
Is 61654139 composite?
False
Is 1270771 composite?
False
Is 34194557 composite?
False
Is 184366867 composite?
True
Is 416448233 composite?
True
Is 32793931 a composite number?
True
Is 2310923 prime?
False
Is 14626889 composite?
False
Is 288177 a prime number?
False
Is 1532786 prime?
False
Is 2244091 a prime number?
True
Is 83283269 composite?
False
Is 20355689 a composite number?
False
Is 214499 a prime number?
True
Is 61813 composite?
False
Is 209134639 prime?
False
Is 38712745 prime?
False
Is 31596541 composite?
False
Is 716249 a composite number?
False
Is 1323449 composite?
True
Is 957079 composite?
True
Is 308861419 prime?
False
Is 9831847 prime?
False
Is 331041331 prime?
False
Is 31124846 prime?
False
Is 15934799 prime?
True
Is 6075071 a prime number?
True
Is 16532547 prime?
False
Is 306748157 a prime number?
False
Is 363485887 composite?
False
Is 39023407 a composite number?
False
Is 13431661 prime?
True
Is 5059687 prime?
False
Is 265751 composite?
True
Is 31478017 prime?
True
Is 1063061 a prime number?
False
Is 75194173 composite?
False
Is 110515729 prime?
False
Is 10960987 a composite number?
True
Is 9447679 composite?
False
Is 774199 a composite number?
False
Is 12982139 a prime number?
True
Is 11482297 a composite number?
False
Is 20896243 a prime number?
True
Is 404735285 a composite number?
True
Is 196583623 a composite number?
False
Is 13250171 a composite number?
True
Is 103629065 a composite number?
True
Is 2500403 prime?
True
Is 11322791 a composite number?
False
Is 877018103 a prime number?
False
Is 53161721 a prime number?
True
Is 2228867 a prime number?
True
Is 128871497 a prime number?
True
Is 1371893 a composite number?
False
Is 749971 prime?
True
Is 807966617 a prime number?
True
Is 59459381 a composite number?
False
Is 186313 a prime number?
False
Is 3402143 prime?
True
Is 8035459 prime?
False
Is 6220693 a prime number?
True
Is 8168782 prime?
False
Is 7940963 a prime number?
True
Is 9263123 prime?
False
Is 40444661 composite?
False
Is 6932261 prime?
False
Is 126109 composite?
True
Is 50600051 a prime number?
True
Is 1455931 composite?
True
Is 12789503 prime?
True
Is 12583871 a prime number?
False
Is 93074701 a composite number?
True
Is 1325610317 composite?
False
Is 4438559 composite?
False
Is 1467749 a composite number?
False
Is 304702499 composite?
False
Is 22587503 composite?
False
Is 2720071 a prime number?
True
Is 6404285 composite?
True
Is 24091079 a prime number?
True
Is 75117299 prime?
True
Is 22854721 a prime number?
True
Is 4641097 a composite number?
True
Is 415052363 prime?
False
Is 2882003 prime?
False
Is 1013741 composite?
False
Is 56547538 composite?
True
Is 1133477 composite?
False
Is 9171881 composite?
False
Is 14194417 composite?
False
Is 6449411 a prime number?
False
Is 1961623 a prime number?
True
Is 3707371 a prime number?
False
Is 88120403 a prime number?
False
Is 8227487 prime?
True
Is 4064083 a composite number?
False
Is 2892205 a prime number?
False
Is 109542211 a prime number?
True
Is 344025307 composite?
False
Is 164453995 a prime number?
False
Is 4397731 prime?
False
Is 7317731 prime?
True
Is 448846 a composite number?
True
Is 717473981 composite?
True
Is 662755187 prime?
False
Is 8319871 a prime number?
False
Is 28850321 composite?
False
Is 14083367 composite?
False
Is 4346183 prime?
True
Is 486601 prime?
True
Is 14316391 a composite number?
False
Is 4763153 composite?
True
Is 40971941 a composite number?
True
Is 23206489 composite?
False
Is 68555107 prime?
True
Is 50030693 prime?
True
Is 310082963 prime?
False
Is 223231967 a composite number?
True
Is 14507677 a composite number?
False
Is 9214939 prime?
False
Is 9996631 a composite number?
False
Is 5941823 prime?
False
Is 77003573 a prime number?
False
Is 9935083 a prime number?
False
Is 10303441 a prime number?
False
Is 43413473 prime?
False
Is 6293359 composite?
False
Is 17781089 prime?
False
Is 1952087 composite?
False
Is 152568287 a composite number?
False
Is 8513 composite?
False
Is 11703101 prime?
True
Is 21559 composite?
False
Is 68586559 a composite number?
False
Is 2296687 a composite number?
False
Is 34953677 prime?
False
Is 127017529 prime?
True
Is 113213 a prime number?
True
Is 20682881 composite?
True
Is 525263 a composite number?
True
Is 2665872259 composite?
False
Is 6449543 composite?
True
Is 80482679 a composite number?
False
Is 8019289 prime?
True
Is 252661 a composite number?
True
Is 7049269 a composite number?
False
Is 1352489962 prime?
False
Is 2870353 prime?
True
Is 4416519 composite?
True
Is 134759161 a prime number?
True
Is 56254883 prime?
True
Is 614910271 prime?
True
Is 5302471 a prime number?
True
Is 370275127 composite?
False
Is 478409 composite?
True
Is 12479321 a composite number?
False
Is 425758607 composite?
False
Is 30621497 a composite number?
True
Is 20826359 a composite number?
True
Is 718913707 a prime number?
True
Is 16512937 composite?
True
Is 77983 a prime number?
True
Is 58858193 a composite number?
True
Is 106031743 composite?
True
Is 1104557 a composite number?
False
Is 19934015 prime?
False
Is 426471 a prime number?
False
Is 3946379 a composite number?
False
Is 3486463 a composite number?
False
Is 12165019 a composite number?
True
Is 62948237 a prime number?
False
Is 2686371 prime?
False
Is 36555103 a composite number?
True
Is 73463179 prime?
True
Is 16229099 prime?
False
Is 60886873 a prime number?
True
Is 22605643 prime?
False
Is 36980007 composite?
True
Is 4256501 prime?
True
Is 248389 a prime number?
True
Is 10763801 a prime number?
False
Is 197355799 a composite number?
True
Is 11251951 a composite number?
True
Is 12750989 a composite number?
False
Is 5422093 composite?
True
Is 389163083 prime?
True
Is 743594 a composite number?
True
Is 179926627 a composite number?
True
Is 118129091 composite?
False
Is 56686463 prime?
True
Is 2756821 a composite number?
False
Is 280055561 composite?
True
Is 12469213 a composite number?
False
Is 881989 a composite number?
True
Is 24983209 composite?
True
Is 9590093 a composite number?
False
Is 1747415 composite?
True
Is 625444889 composite?
False
Is 329875417 a composite number?
True
Is 29080019 a composite number?
False
Is 553351 composite?
False
Is 1716263 a prime number?
True
Is 126060203 composite?
False
Is 389543411 composite?
True
Is 4792439 composite?
False
Is 3037999 composite?
False
Is 2557558 composite?
True
Is 2982344761 prime?
False
Is 518689 a prime number?
True
Is 1749109 composite?
True
Is 3537811 a prime number?
True
Is 22920923 a composite number?
True
Is 193602755 prime?
False
Is 2461703 composite?
False
Is 706067 a composite number?
False
Is 14561179 a prime number?
False
Is 134987773 a prime number?
True
Is 4042238 a composite number?
True
Is 12730493 a prime number?
True
Is 14858717 prime?
False
Is 934693937 composite?
False
Is 302818223 composite?
False
Is 1363015 prime?
False
Is 7944841 prime?
True
Is 20867843 composite?
False
Is 1229923 a composite number?
True
Is 1523047 prime?
False
Is 16504049 composite?
False
Is 7000913 composite?
False
Is 658493 a composite number?
True
Is 3969659 composite?
False
Is 680237 a composite number?
False
Is 1672469 prime?
True
Is 102352909 a prime number?
False
Is 4151487 a prime number?
False
Is 410009 prime?
True
Is 32310307 prime?
True
Is 50146913 a prime number?
False
Is 90711077 a composite number?
False
Is 801791 prime?
True
Is 3028559 prime?
True
Is 20957617 a composite number?
True
Is 702913 a composite number?
False
Is 1186879 composite?
False
Is 537745247 prime?
False
Is 14281693 prime?
True
Is 5014369 a prime number?
False
Is 7191469 a composite number?
False
Is 103182743 a prime number?
True
Is 6479441 prime?
False
Is 7737419 composite?
Fal